{"id":314,"date":"2024-06-13T11:40:15","date_gmt":"2024-06-13T09:40:15","guid":{"rendered":"https:\/\/g-ina.com\/?page_id=314"},"modified":"2024-06-18T13:53:02","modified_gmt":"2024-06-18T11:53:02","slug":"impressum","status":"publish","type":"page","link":"https:\/\/g-ina.com\/index.php\/impressum\/","title":{"rendered":"Impressum"},"content":{"rendered":"\t\t<div data-elementor-type=\"wp-page\" data-elementor-id=\"314\" class=\"elementor elementor-314\">\n\t\t\t\t<div class=\"elementor-element elementor-element-163a75b e-flex e-con-boxed e-con e-parent\" data-id=\"163a75b\" data-element_type=\"container\" data-e-type=\"container\">\n\t\t\t\t\t<div class=\"e-con-inner\">\n\t\t\t\t<div class=\"elementor-element elementor-element-a30a212 elementor-widget elementor-widget-heading\" data-id=\"a30a212\" data-element_type=\"widget\" data-e-type=\"widget\" data-widget_type=\"heading.default\">\n\t\t\t\t<div class=\"elementor-widget-container\">\n\t\t\t\t\t<h2 class=\"elementor-heading-title elementor-size-default\">Impressum<\/h2>\t\t\t\t<\/div>\n\t\t\t\t<\/div>\n\t\t\t\t<div class=\"elementor-element elementor-element-52e3397 elementor-widget elementor-widget-text-editor\" data-id=\"52e3397\" data-element_type=\"widget\" data-e-type=\"widget\" data-widget_type=\"text-editor.default\">\n\t\t\t\t<div class=\"elementor-widget-container\">\n\t\t\t\t\t\t\t\t\t<p><strong>Haftungsausschluss<\/strong><\/p><p>Die Autorin \u00fcbernimmt keinerlei Gew\u00e4hr hinsichtlich der inhaltlichen Richtigkeit, Genauigkeit, Aktualit\u00e4t, Zuverl\u00e4ssigkeit und Vollst\u00e4ndigkeit der Informationen.<br \/>Haftungsanspr\u00fcche gegen die Autorin wegen Sch\u00e4den materieller oder immaterieller Art, welche aus dem Zugriff oder der Nutzung bzw. Nichtnutzung der ver\u00f6ffentlichten Informationen, durch Missbrauch der Verbindung oder durch technische St\u00f6rungen entstanden sind, werden ausgeschlossen.<br \/>Alle Angebote sind unverbindlich. Die Autorin beh\u00e4lt es sich ausdr\u00fccklich vor, Teile der Seiten oder das gesamte Angebot ohne besondere Ank\u00fcndigung zu ver\u00e4ndern, zu erg\u00e4nzen, zu l\u00f6schen oder die Ver\u00f6ffentlichung zeitweise oder endg\u00fcltig einzustellen.<\/p><p><strong>Haftungsausschluss f\u00fcr Links:<\/strong><\/p><p>Verweise und Links auf Webseiten Dritter liegen ausserhalb unseres Verantwortungsbereichs. Es wird jegliche Verantwortung f\u00fcr solche Webseiten abgelehnt. Der Zugriff und die Nutzung solcher Webseiten erfolgen auf eigene Gefahr des<\/p><p>jeweiligen Nutzers.<\/p>\t\t\t\t\t\t\t\t<\/div>\n\t\t\t\t<\/div>\n\t\t\t\t<div class=\"elementor-element elementor-element-5741616 elementor-widget elementor-widget-text-editor\" data-id=\"5741616\" data-element_type=\"widget\" data-e-type=\"widget\" data-widget_type=\"text-editor.default\">\n\t\t\t\t<div class=\"elementor-widget-container\">\n\t\t\t\t\t\t\t\t\t<p>Quelle: <a href=\"https:\/\/www.swissanwalt.ch\" target=\"_blank\" rel=\"noopener\">SwissAnwalt<\/a><\/p>\t\t\t\t\t\t\t\t<\/div>\n\t\t\t\t<\/div>\n\t\t\t\t\t<\/div>\n\t\t\t\t<\/div>\n\t\t<div class=\"elementor-element elementor-element-1365517 e-flex e-con-boxed e-con e-parent\" data-id=\"1365517\" data-element_type=\"container\" data-e-type=\"container\">\n\t\t\t\t\t<div class=\"e-con-inner\">\n\t\t\t\t<div class=\"elementor-element elementor-element-2b77941 elementor-widget elementor-widget-spacer\" data-id=\"2b77941\" data-element_type=\"widget\" data-e-type=\"widget\" data-widget_type=\"spacer.default\">\n\t\t\t\t<div class=\"elementor-widget-container\">\n\t\t\t\t\t\t\t<div class=\"elementor-spacer\">\n\t\t\t<div class=\"elementor-spacer-inner\"><\/div>\n\t\t<\/div>\n\t\t\t\t\t\t<\/div>\n\t\t\t\t<\/div>\n\t\t\t\t<div class=\"elementor-element elementor-element-9d46ddd elementor-widget elementor-widget-spacer\" data-id=\"9d46ddd\" data-element_type=\"widget\" data-e-type=\"widget\" data-widget_type=\"spacer.default\">\n\t\t\t\t<div class=\"elementor-widget-container\">\n\t\t\t\t\t\t\t<div class=\"elementor-spacer\">\n\t\t\t<div class=\"elementor-spacer-inner\"><\/div>\n\t\t<\/div>\n\t\t\t\t\t\t<\/div>\n\t\t\t\t<\/div>\n\t\t\t\t\t<\/div>\n\t\t\t\t<\/div>\n\t\t\t\t<\/div>\n\t\t","protected":false},"excerpt":{"rendered":"<p>Impressum Haftungsausschluss Die Autorin \u00fcbernimmt keinerlei Gew\u00e4hr hinsichtlich der inhaltlichen Richtigkeit, Genauigkeit, Aktualit\u00e4t, Zuverl\u00e4ssigkeit und Vollst\u00e4ndigkeit der Informationen.Haftungsanspr\u00fcche gegen die Autorin wegen Sch\u00e4den materieller oder immaterieller Art, welche aus dem Zugriff oder der Nutzung bzw. Nichtnutzung der ver\u00f6ffentlichten Informationen, durch Missbrauch der Verbindung oder durch technische St\u00f6rungen entstanden sind, werden ausgeschlossen.Alle Angebote sind unverbindlich. Die [&hellip;]<\/p>\n","protected":false},"author":1,"featured_media":0,"parent":0,"menu_order":0,"comment_status":"closed","ping_status":"closed","template":"","meta":{"footnotes":""},"class_list":["post-314","page","type-page","status-publish","hentry","entry"],"yoast_head":"<!-- This site is optimized with the Yoast SEO plugin v27.4 - https:\/\/yoast.com\/product\/yoast-seo-wordpress\/ -->\n<title>Impressum - G-INA<\/title>\n<meta name=\"robots\" content=\"index, follow, max-snippet:-1, max-image-preview:large, max-video-preview:-1\" \/>\n<link rel=\"canonical\" href=\"https:\/\/g-ina.com\/index.php\/impressum\/\" \/>\n<meta property=\"og:locale\" content=\"de_DE\" \/>\n<meta property=\"og:type\" content=\"article\" \/>\n<meta property=\"og:title\" content=\"Impressum - G-INA\" \/>\n<meta property=\"og:description\" content=\"Impressum Haftungsausschluss Die Autorin \u00fcbernimmt keinerlei Gew\u00e4hr hinsichtlich der inhaltlichen Richtigkeit, Genauigkeit, Aktualit\u00e4t, Zuverl\u00e4ssigkeit und Vollst\u00e4ndigkeit der Informationen.Haftungsanspr\u00fcche gegen die Autorin wegen Sch\u00e4den materieller oder immaterieller Art, welche aus dem Zugriff oder der Nutzung bzw. Nichtnutzung der ver\u00f6ffentlichten Informationen, durch Missbrauch der Verbindung oder durch technische St\u00f6rungen entstanden sind, werden ausgeschlossen.Alle Angebote sind unverbindlich. Die [&hellip;]\" \/>\n<meta property=\"og:url\" content=\"https:\/\/g-ina.com\/index.php\/impressum\/\" \/>\n<meta property=\"og:site_name\" content=\"G-INA\" \/>\n<meta property=\"article:publisher\" content=\"https:\/\/facebook.com\/G-INA-405911786683228\/?modal=admin_todo_tour\" \/>\n<meta property=\"article:modified_time\" content=\"2024-06-18T11:53:02+00:00\" \/>\n<meta property=\"og:image\" content=\"https:\/\/i0.wp.com\/g-ina.com\/wp-content\/uploads\/2024\/06\/MatterhornIcon.jpg?fit=1800%2C1800&ssl=1\" \/>\n\t<meta property=\"og:image:width\" content=\"1800\" \/>\n\t<meta property=\"og:image:height\" content=\"1800\" \/>\n\t<meta property=\"og:image:type\" content=\"image\/jpeg\" \/>\n<meta name=\"twitter:card\" content=\"summary_large_image\" \/>\n<meta name=\"twitter:label1\" content=\"Gesch\u00e4tzte Lesezeit\" \/>\n\t<meta name=\"twitter:data1\" content=\"1\u00a0Minute\" \/>\n<script type=\"application\/ld+json\" class=\"yoast-schema-graph\">{\"@context\":\"https:\\\/\\\/schema.org\",\"@graph\":[{\"@type\":\"WebPage\",\"@id\":\"https:\\\/\\\/g-ina.com\\\/index.php\\\/impressum\\\/\",\"url\":\"https:\\\/\\\/g-ina.com\\\/index.php\\\/impressum\\\/\",\"name\":\"Impressum - G-INA\",\"isPartOf\":{\"@id\":\"https:\\\/\\\/g-ina.com\\\/#website\"},\"datePublished\":\"2024-06-13T09:40:15+00:00\",\"dateModified\":\"2024-06-18T11:53:02+00:00\",\"breadcrumb\":{\"@id\":\"https:\\\/\\\/g-ina.com\\\/index.php\\\/impressum\\\/#breadcrumb\"},\"inLanguage\":\"de\",\"potentialAction\":[{\"@type\":\"ReadAction\",\"target\":[\"https:\\\/\\\/g-ina.com\\\/index.php\\\/impressum\\\/\"]}]},{\"@type\":\"BreadcrumbList\",\"@id\":\"https:\\\/\\\/g-ina.com\\\/index.php\\\/impressum\\\/#breadcrumb\",\"itemListElement\":[{\"@type\":\"ListItem\",\"position\":1,\"name\":\"Startseite\",\"item\":\"https:\\\/\\\/g-ina.com\\\/\"},{\"@type\":\"ListItem\",\"position\":2,\"name\":\"Impressum\"}]},{\"@type\":\"WebSite\",\"@id\":\"https:\\\/\\\/g-ina.com\\\/#website\",\"url\":\"https:\\\/\\\/g-ina.com\\\/\",\"name\":\"G-INA\",\"description\":\"\",\"publisher\":{\"@id\":\"https:\\\/\\\/g-ina.com\\\/#organization\"},\"potentialAction\":[{\"@type\":\"SearchAction\",\"target\":{\"@type\":\"EntryPoint\",\"urlTemplate\":\"https:\\\/\\\/g-ina.com\\\/?s={search_term_string}\"},\"query-input\":{\"@type\":\"PropertyValueSpecification\",\"valueRequired\":true,\"valueName\":\"search_term_string\"}}],\"inLanguage\":\"de\"},{\"@type\":\"Organization\",\"@id\":\"https:\\\/\\\/g-ina.com\\\/#organization\",\"name\":\"G-INA\",\"url\":\"https:\\\/\\\/g-ina.com\\\/\",\"logo\":{\"@type\":\"ImageObject\",\"inLanguage\":\"de\",\"@id\":\"https:\\\/\\\/g-ina.com\\\/#\\\/schema\\\/logo\\\/image\\\/\",\"url\":\"https:\\\/\\\/i0.wp.com\\\/g-ina.com\\\/wp-content\\\/uploads\\\/2022\\\/01\\\/cropped-cropped-G-INA.png?fit=644%2C190&ssl=1\",\"contentUrl\":\"https:\\\/\\\/i0.wp.com\\\/g-ina.com\\\/wp-content\\\/uploads\\\/2022\\\/01\\\/cropped-cropped-G-INA.png?fit=644%2C190&ssl=1\",\"width\":644,\"height\":190,\"caption\":\"G-INA\"},\"image\":{\"@id\":\"https:\\\/\\\/g-ina.com\\\/#\\\/schema\\\/logo\\\/image\\\/\"},\"sameAs\":[\"https:\\\/\\\/facebook.com\\\/G-INA-405911786683228\\\/?modal=admin_todo_tour\",\"https:\\\/\\\/instagram.com\\\/g_ina_music\\\/?hl=de\",\"https:\\\/\\\/www.youtube.com\\\/channel\\\/UCr1scmaYivyqXxVFz0H_GSA\"]}]}<\/script>\n<!-- \/ Yoast SEO plugin. -->","yoast_head_json":{"title":"Impressum - G-INA","robots":{"index":"index","follow":"follow","max-snippet":"max-snippet:-1","max-image-preview":"max-image-preview:large","max-video-preview":"max-video-preview:-1"},"canonical":"https:\/\/g-ina.com\/index.php\/impressum\/","og_locale":"de_DE","og_type":"article","og_title":"Impressum - G-INA","og_description":"Impressum Haftungsausschluss Die Autorin \u00fcbernimmt keinerlei Gew\u00e4hr hinsichtlich der inhaltlichen Richtigkeit, Genauigkeit, Aktualit\u00e4t, Zuverl\u00e4ssigkeit und Vollst\u00e4ndigkeit der Informationen.Haftungsanspr\u00fcche gegen die Autorin wegen Sch\u00e4den materieller oder immaterieller Art, welche aus dem Zugriff oder der Nutzung bzw. Nichtnutzung der ver\u00f6ffentlichten Informationen, durch Missbrauch der Verbindung oder durch technische St\u00f6rungen entstanden sind, werden ausgeschlossen.Alle Angebote sind unverbindlich. Die [&hellip;]","og_url":"https:\/\/g-ina.com\/index.php\/impressum\/","og_site_name":"G-INA","article_publisher":"https:\/\/facebook.com\/G-INA-405911786683228\/?modal=admin_todo_tour","article_modified_time":"2024-06-18T11:53:02+00:00","og_image":[{"width":1800,"height":1800,"url":"https:\/\/i0.wp.com\/g-ina.com\/wp-content\/uploads\/2024\/06\/MatterhornIcon.jpg?fit=1800%2C1800&ssl=1","type":"image\/jpeg"}],"twitter_card":"summary_large_image","twitter_misc":{"Gesch\u00e4tzte Lesezeit":"1\u00a0Minute"},"schema":{"@context":"https:\/\/schema.org","@graph":[{"@type":"WebPage","@id":"https:\/\/g-ina.com\/index.php\/impressum\/","url":"https:\/\/g-ina.com\/index.php\/impressum\/","name":"Impressum - G-INA","isPartOf":{"@id":"https:\/\/g-ina.com\/#website"},"datePublished":"2024-06-13T09:40:15+00:00","dateModified":"2024-06-18T11:53:02+00:00","breadcrumb":{"@id":"https:\/\/g-ina.com\/index.php\/impressum\/#breadcrumb"},"inLanguage":"de","potentialAction":[{"@type":"ReadAction","target":["https:\/\/g-ina.com\/index.php\/impressum\/"]}]},{"@type":"BreadcrumbList","@id":"https:\/\/g-ina.com\/index.php\/impressum\/#breadcrumb","itemListElement":[{"@type":"ListItem","position":1,"name":"Startseite","item":"https:\/\/g-ina.com\/"},{"@type":"ListItem","position":2,"name":"Impressum"}]},{"@type":"WebSite","@id":"https:\/\/g-ina.com\/#website","url":"https:\/\/g-ina.com\/","name":"G-INA","description":"","publisher":{"@id":"https:\/\/g-ina.com\/#organization"},"potentialAction":[{"@type":"SearchAction","target":{"@type":"EntryPoint","urlTemplate":"https:\/\/g-ina.com\/?s={search_term_string}"},"query-input":{"@type":"PropertyValueSpecification","valueRequired":true,"valueName":"search_term_string"}}],"inLanguage":"de"},{"@type":"Organization","@id":"https:\/\/g-ina.com\/#organization","name":"G-INA","url":"https:\/\/g-ina.com\/","logo":{"@type":"ImageObject","inLanguage":"de","@id":"https:\/\/g-ina.com\/#\/schema\/logo\/image\/","url":"https:\/\/i0.wp.com\/g-ina.com\/wp-content\/uploads\/2022\/01\/cropped-cropped-G-INA.png?fit=644%2C190&ssl=1","contentUrl":"https:\/\/i0.wp.com\/g-ina.com\/wp-content\/uploads\/2022\/01\/cropped-cropped-G-INA.png?fit=644%2C190&ssl=1","width":644,"height":190,"caption":"G-INA"},"image":{"@id":"https:\/\/g-ina.com\/#\/schema\/logo\/image\/"},"sameAs":["https:\/\/facebook.com\/G-INA-405911786683228\/?modal=admin_todo_tour","https:\/\/instagram.com\/g_ina_music\/?hl=de","https:\/\/www.youtube.com\/channel\/UCr1scmaYivyqXxVFz0H_GSA"]}]}},"jetpack_sharing_enabled":true,"_links":{"self":[{"href":"https:\/\/g-ina.com\/index.php\/wp-json\/wp\/v2\/pages\/314","targetHints":{"allow":["GET"]}}],"collection":[{"href":"https:\/\/g-ina.com\/index.php\/wp-json\/wp\/v2\/pages"}],"about":[{"href":"https:\/\/g-ina.com\/index.php\/wp-json\/wp\/v2\/types\/page"}],"author":[{"embeddable":true,"href":"https:\/\/g-ina.com\/index.php\/wp-json\/wp\/v2\/users\/1"}],"replies":[{"embeddable":true,"href":"https:\/\/g-ina.com\/index.php\/wp-json\/wp\/v2\/comments?post=314"}],"version-history":[{"count":0,"href":"https:\/\/g-ina.com\/index.php\/wp-json\/wp\/v2\/pages\/314\/revisions"}],"wp:attachment":[{"href":"https:\/\/g-ina.com\/index.php\/wp-json\/wp\/v2\/media?parent=314"}],"curies":[{"name":"wp","href":"https:\/\/api.w.org\/{rel}","templated":true}]}}